ue
Is 293426513 composite?
True
Is 14219985569 a composite number?
False
Is 9873245293 composite?
False
Is 1057583167 a prime number?
True
Is 13908159249 prime?
False
Is 574104187 prime?
True
Is 602358527 a composite number?
False
Is 18215496347 a composite number?
False
Is 380453743 a composite number?
False
Is 29337817177 a prime number?
True
Is 2834076697 a composite number?
False
Is 3112675834 composite?
True
Is 29776063777 a composite number?
False
Is 499328261 prime?
True
Is 76769639 composite?
True
Is 87779526209 prime?
False
Is 317053193 a prime number?
True
Is 8582198566 a composite number?
True
Is 81379341059 a prime number?
True
Is 1775172965 prime?
False
Is 1075693231 a composite number?
False
Is 76634849153 a prime number?
True
Is 4290384733 composite?
False
Is 83166842477 prime?
False
Is 1113832589 a composite number?
True
Is 932700403 a composite number?
True
Is 9092793223 composite?
True
Is 343270004149 prime?
True
Is 22598376871 composite?
True
Is 88241213 composite?
False
Is 790417207 a composite number?
True
Is 9137004337 prime?
False
Is 37917933463 a composite number?
True
Is 1218442741 a composite number?
False
Is 3370073309 prime?
True
Is 9196913839 composite?
False
Is 459091013 a composite number?
False
Is 10847556229 a prime number?
True
Is 987037199 a composite number?
False
Is 423933883 a prime number?
True
Is 82889243769 prime?
False
Is 216085054 prime?
False
Is 16655715149 a composite number?
True
Is 399838081 a composite number?
False
Is 396663781 composite?
False
Is 4236230707 a prime number?
True
Is 2931905959 composite?
False
Is 296555689 a composite number?
False
Is 1523182807 a composite number?
False
Is 52789358639 a composite number?
True
Is 64489818163 a composite number?
True
Is 2309781741 prime?
False
Is 13138723261 composite?
True
Is 504140863 a prime number?
True
Is 11187029761 prime?
True
Is 4535546459 a composite number?
False
Is 6214471 composite?
False
Is 1620365407 a composite number?
False
Is 2249644679 prime?
False
Is 343616891 prime?
False
Is 303352837 a composite number?
False
Is 87983218787 prime?
False
Is 549811363 composite?
False
Is 2412418103 prime?
True
Is 478818407 a composite number?
True
Is 327840217 prime?
False
Is 7376783451 a prime number?
False
Is 755946661 prime?
True
Is 1949758007 prime?
True
Is 289499905 a composite number?
True
Is 6175445849 prime?
True
Is 563184469 a composite number?
False
Is 250211477 composite?
True
Is 652511231 a composite number?
False
Is 2964707791 prime?
True
Is 405706493 composite?
False
Is 19185752933 composite?
True
Is 12722467067 a composite number?
True
Is 19710713747 a prime number?
True
Is 345596389 a prime number?
True
Is 1814593381 a prime number?
False
Is 862265563 composite?
True
Is 912761606 a prime number?
False
Is 138898657 prime?
False
Is 11684895641 a prime number?
True
Is 376458809 a prime number?
True
Is 1926905119 prime?
False
Is 8521664569 prime?
False
Is 9796178233 composite?
False
Is 42228815767 composite?
False
Is 334665817 composite?
True
Is 93844595659 a prime number?
True
Is 166908769 composite?
True
Is 2340956881 composite?
False
Is 11862792303 composite?
True
Is 7629091781 composite?
False
Is 18285974321 composite?
False
Is 749893673 a composite number?
True
Is 6127215623 composite?
False
Is 53836810063 prime?
False
Is 17318164381 a composite number?
True
Is 10746153043 composite?
False
Is 91351498681 composite?
False
Is 616740343 composite?
False
Is 107730911 composite?
True
Is 342759767437 prime?
False
Is 16971130937 composite?
False
Is 564287651 a composite number?
False
Is 6610432379 a prime number?
True
Is 443300597 prime?
False
Is 270742905183 a composite number?
True
Is 44692706917 prime?
True
Is 31588623938 a composite number?
True
Is 3637242629 a composite number?
False
Is 57356239253 a prime number?
True
Is 1415851979 a prime number?
True
Is 49832289181 a composite number?
True
Is 40693987259 prime?
True
Is 65091170761 prime?
True
Is 34951485863 a composite number?
True
Is 64655467 prime?
True
Is 21422517143 a composite number?
False
Is 14890747 a composite number?
True
Is 1381511603 a prime number?
False
Is 276155167 a prime number?
False
Is 7820749393 a prime number?
False
Is 55948002767 composite?
True
Is 3862325381 a prime number?
True
Is 5433216149 composite?
True
Is 2190280991 composite?
True
Is 464638451 composite?
True
Is 5170406782 prime?
False
Is 123215539 prime?
False
Is 6999084669 a prime number?
False
Is 6243767159 a composite number?
True
Is 176919413 a composite number?
True
Is 7714627847 a prime number?
False
Is 50577754033 composite?
True
Is 7900193813 a prime number?
False
Is 335869399 a composite number?
True
Is 348834673 a prime number?
False
Is 64737532297 a composite number?
True
Is 427959787 prime?
False
Is 98455837 composite?
True
Is 3612019799 a composite number?
False
Is 6118039859 a composite number?
True
Is 1129695019 a prime number?
True
Is 2005271291 a prime number?
False
Is 2744587817 a composite number?
False
Is 11924843797 composite?
True
Is 1715853459 a composite number?
True
Is 35732327711 a composite number?
False
Is 33112554061 composite?
True
Is 1101101629 a composite number?
False
Is 27163249 prime?
False
Is 368378497 composite?
False
Is 9715386103 a prime number?
True
Is 402021353 a composite number?
False
Is 37979881507 a composite number?
False
Is 1282432169 composite?
False
Is 2960018747 prime?
False
Is 2121376559 a prime number?
True
Is 1788508499 a prime number?
True
Is 93977294639 a composite number?
False
Is 7538674337 composite?
False
Is 9807699173 a prime number?
False
Is 246765451 prime?
False
Is 5598187697 a composite number?
False
Is 2087551741 prime?
False
Is 1140683603 a composite number?
True
Is 6437534083 prime?
False
Is 9809041507 composite?
True
Is 74970083 a prime number?
True
Is 61831271 a prime number?
True
Is 4770723833 a prime number?
False
Is 2934403321 prime?
True
Is 1463159653 a composite number?
False
Is 294238327 a composite number?
True
Is 44973926659 prime?
True
Is 259482644777 composite?
False
Is 46696206691 composite?
True
Is 8563949501 composite?
False
Is 3550580963 composite?
True
Is 2924694767 prime?
False
Is 7057664591 a composite number?
False
Is 3044508101 prime?
True
Is 112822393 a prime number?
False
Is 2970566741 prime?
False
Is 403383791 prime?
True
Is 1493802983 composite?
True
Is 2292205457 prime?
True
Is 13058629 composite?
True
Is 19031207891 prime?
True
Is 1621723213 a composite number?
True
Is 6476549267 prime?
False
Is 699791137 a prime number?
True
Is 1734100457 a prime number?
False
Is 154232147 a composite number?
False
Is 1353576097 a composite number?
True
Is 122725168739 composite?
True
Is 48275836993 composite?
True
Is 10020613 prime?
True
Is 1243791427 a prime number?
False
Is 95482071221 a composite number?
False
Is 3270415217 a composite number?
False
Is 1686784713 a composite number?
True
Is 1039425026 composite?
True
Is 87232306219 a composite number?
False
Is 2075882681 prime?
True
Is 8030670983 a prime number?
True
Is 3884357593 a composite number?
False
Is 355892244667 composite?
False
Is 22756047103 a prime number?
True
Is 10109758453 prime?
True
Is 18829059251 prime?
True
Is 3916069559 a composite number?
False
Is 23806633673 a composite number?
False
Is 242271739 prime?
True
Is 1661908691 prime?
False
Is 39767252537 a prime number?
True
Is 1849713995 prime?
False
Is 32701403867 a prime number?
False
Is 1042638797 prime?
True
Is 3574751711 prime?
False
Is 27614760193 prime?
True
Is 2574231799 composite?
True
Is 33789593 a composite number?
False
Is 8054771339 a prime number?
True
Is 79912355687 a composite number?
False
Is 108696103 a prime number?
True
Is 22646803961 a prime number?
True
Is 28727847479 a prime number?
False
Is 2335754485 prime?
False
Is 8611058957 a prime number?
True
Is 80882741 a composite number?
False
Is 52468568671 a prime number?
True
Is 26670036377 composite?
True
Is 432530209 prime?
True
Is 14681493137 composite?
False
Is 40225600091 a composite number?
False
Is 17823056077 composite?
True
Is 698292983 a composite number?
True
Is 234065836841 a composite number?
False
Is 125191993 composite?
False
Is 3281028953 a prime number?
False
Is 4526857349 a prime number?
False
Is 2832579547